e prime factors of 1045864?
2, 239, 547
What are the prime factors of 372658?
2, 11, 13, 1303
What are the prime factors of 617289?
3, 205763
What are the prime factors of 268145?
5, 53629
What are the prime factors of 1239352?
2, 37, 53, 79
List the prime factors of 196028.
2, 7, 7001
List the prime factors of 6198671.
6198671
List the prime factors of 7345084.
2, 1836271
What are the prime factors of 16005346?
2, 7, 1143239
What are the prime factors of 1161444?
2, 3, 96787
What are the prime factors of 59514?
2, 3, 7, 13, 109
List the prime factors of 2790430.
2, 5, 263, 1061
What are the prime factors of 96386?
2, 48193
What are the prime factors of 482887?
31, 37, 421
List the prime factors of 17135406.
2, 3, 951967
List the prime factors of 171850.
2, 5, 7, 491
List the prime factors of 3108832.
2, 97151
What are the prime factors of 10350928?
2, 7, 92419
List the prime factors of 23512.
2, 2939
List the prime factors of 8192595.
3, 5, 546173
What are the prime factors of 1989340?
2, 5, 17, 5851
List the prime factors of 258019.
258019
List the prime factors of 339609.
3, 17, 6659
What are the prime factors of 273752?
2, 19, 1801
What are the prime factors of 2017553?
19, 106187
List the prime factors of 1030749.
3, 343583
What are the prime factors of 279903?
3, 13, 7177
What are the prime factors of 3257570?
2, 5, 29, 47, 239
What are the prime factors of 670257?
3, 7, 10639
What are the prime factors of 1723959?
3, 191551
List the prime factors of 256998.
2, 3, 7, 29, 211
List the prime factors of 1143636.
2, 3, 13, 7331
List the prime factors of 1211650.
2, 5, 11, 2203
List the prime factors of 817845.
3, 5, 7, 7789
What are the prime factors of 162840?
2, 3, 5, 23, 59
List the prime factors of 2697110.
2, 5, 13, 20747
List the prime factors of 2323228.
2, 580807
What are the prime factors of 219415?
5, 7, 6269
List the prime factors of 200382.
2, 3, 7, 13, 367
List the prime factors of 22749074.
2, 167, 68111
What are the prime factors of 502474?
2, 7, 19, 1889
List the prime factors of 11651186.
2, 5825593
List the prime factors of 1161419.
7, 83, 1999
List the prime factors of 618534.
2, 3, 7, 4909
What are the prime factors of 5505032?
2, 13, 43, 1231
What are the prime factors of 430573?
11, 13, 3011
What are the prime factors of 2788127?
61, 45707
List the prime factors of 207751.
103, 2017
List the prime factors of 1783617.
3, 11, 54049
List the prime factors of 550228.
2, 7, 43, 457
List the prime factors of 200863.
13, 15451
What are the prime factors of 462291?
3, 154097
List the prime factors of 71447.
37, 1931
What are the prime factors of 25194812?
2, 277, 22739
List the prime factors of 22667070.
2, 3, 5, 755569
List the prime factors of 1421161.
7, 203023
What are the prime factors of 2441013?
3, 17, 23, 2081
What are the prime factors of 1008121?
19, 97, 547
What are the prime factors of 11110024?
2, 107, 12979
What are the prime factors of 241970?
2, 5, 24197
What are the prime factors of 281570?
2, 5, 37, 761
What are the prime factors of 419129?
23, 18223
What are the prime factors of 719533?
719533
List the prime factors of 344296.
2, 43037
What are the prime factors of 9765145?
5, 13, 19, 7907
What are the prime factors of 1404670?
2, 5, 19, 7393
What are the prime factors of 470425?
5, 31, 607
What are the prime factors of 372141?
3, 7, 11, 179
What are the prime factors of 37016?
2, 7, 661
What are the prime factors of 334238?
2, 167119
List the prime factors of 39623.
39623
List the prime factors of 6655616.
2, 11, 29, 163
What are the prime factors of 340154?
2, 53, 3209
List the prime factors of 5876559.
3, 13, 50227
List the prime factors of 536039.
7, 73, 1049
What are the prime factors of 134782?
2, 67391
List the prime factors of 6549809.
7, 935687
What are the prime factors of 6570302?
2, 109, 30139
List the prime factors of 4208077.
4208077
List the prime factors of 50624.
2, 7, 113
List the prime factors of 192725.
5, 13, 593
What are the prime factors of 16919808?
2, 3, 22031
What are the prime factors of 6535907?
7, 53, 79, 223
What are the prime factors of 670952?
2, 83869
What are the prime factors of 13483946?
2, 7, 31, 31069
List the prime factors of 18655786.
2, 109, 85577
List the prime factors of 338370.
2, 3, 5, 11279
What are the prime factors of 4038443?
4038443
What are the prime factors of 1575555?
3, 5, 105037
List the prime factors of 25101.
3, 2789
What are the prime factors of 379812?
2, 3, 31, 1021
List the prime factors of 11563949.
941, 12289
List the prime factors of 2960493.
3, 239, 4129
What are the prime factors of 160443?
3, 17827
List the prime factors of 3145421.
1583, 1987
List the prime factors of 88486.
2, 151, 293
What are the prime factors of 114835?
5, 7, 17, 193
What are the prime factors of 474958?
2, 11, 21589
What are the prime factors of 260888?
2, 32611
What are the prime factors of 1705191?
3, 269, 2113
What are the prime factors of 203296?
2, 6353
List the prime factors of 7415589.
3, 2471863
List the prime factors of 838334.
2, 7, 233, 257
What are the prime factors of 2340994?
2, 1170497
List the prime factors of 862883.
7, 123269
List the prime factors of 1507621.
827, 1823
List the prime factors of 266104.
2, 29, 31, 37
List the prime factors of 13786814.
2, 1637, 4211
List the prime factors of 627304.
2, 19, 4127
What are the prime factors of 6947972?
2, 1736993
List the prime factors of 3022865.
5, 59, 10247
List the prime factors of 232008.
2, 3, 7, 1381
List the prime factors of 4297118.
2, 7, 191, 1607
What are the prime factors of 17598?
2, 3, 7, 419
List the prime factors of 840806.
2, 107, 3929
What are the prime factors of 742333?
742333
List the prime factors of 4707237.
3, 659, 2381
What are the prime factors of 4577793?
3, 11, 12611
List the prime factors of 48169.
11, 29, 151
What are the prime factors of 7385041?
163, 45307
List the prime factors of 2774972.
2, 693743
List the prime factors of 3242831.
3242831
List the prime factors of 2993820.
2, 3, 5, 41, 1217
List the prime factors of 2798863.
17, 61, 2699
List the prime factors of 3352198.
2, 263, 6373
What are the prime factors of 277258?
2, 138629
What are the prime factors of 12192?
2, 3, 127
List the prime factors of 287080.
2, 5, 7177
What are the prime factors of 59749?
149, 401
What are the prime factors of 4893610?
2, 5, 489361
What are the prime factors of 9910874?
2, 4955437
List the prime factors of 2576447.
29, 88843
What are the prime factors of 132048?
2, 3, 7, 131
What are the prime factors of 43431?
3, 31, 467
List the prime factors of 4087952.
2, 11, 23227
List the prime factors of 37119356.
2, 863, 10753
What are the prime factors of 1366741?
29, 47129
What are the prime factors of 8313745?
5, 11, 71, 2129
What are the prime factors of 1204570?
2, 5, 163, 739
List the prime factors of 553678.
2, 276839
What are the prime factors of 4913833?
17, 289049
What are the prime factors of 552550?
2, 5, 43, 257
List the prime factors of 190674.
2, 3, 11, 107
List the prime factors of 28207588.
2, 7051897
List the prime factors of 3520311.
3, 23, 163, 313
What are the prime factors of 2839182?
2, 3, 473197
List the prime factors of 2183774.
2, 1091887
List the prime factors of 27398887.
27398887
What are the prime factors of 12213294?
2, 3, 2035549
What are the prime factors of 1576319?
31, 50849
What are the prime factors of 4589647?
149, 30803
List the prime factors of 126196.
2, 7, 4507
List the prime factors of 659425.
5, 13, 2029
What are the prime factors of 4976892?
2, 3, 138247
What are the prime factors of 40480702?
2, 20240351
What are the prime factors of 1016947?
1016947
What are the prime factors of 50371?
17, 2963
List the prime factors of 8880712.
2, 1110089
List the prime factors of 4126722.
2, 3, 687787
List the prime factors of 2518420.
2, 5, 125921
What are the prime factors of 3578139?
3, 379, 1049
List the prime factors of 15472347.
3, 11, 468859
What are the prime factors of 141599?
37, 43, 89
List the prime factors of 766328.
2, 95791
List the prime factors of 271351.
271351
List the prime factors of 171334.
2, 85667
What are the prime factors of 13658808?
2, 3, 569117
What are the prime factors of 1383616?
2, 13, 1663
List the prime factors of 3905479.